 23279
What are the prime factors of 874222484?
2, 17, 337, 38149
List the prime factors of 1526551776.
2, 3, 5300527
What are the prime factors of 257729983?
7, 2969, 12401
What are the prime factors of 1200900829?
1303, 921643
What are the prime factors of 241974212?
2, 149, 405997
List the prime factors of 123517946.
2, 331, 186583
What are the prime factors of 1947265472?
2, 30426023
What are the prime factors of 41552428?
2, 10388107
What are the prime factors of 1098062425?
5, 43922497
List the prime factors of 390254202.
2, 3, 13, 23, 59, 1229
What are the prime factors of 3946487877?
3, 1429, 306857
What are the prime factors of 47077651?
47077651
What are the prime factors of 461958570?
2, 3, 5, 5132873
What are the prime factors of 130035577?
7, 71, 261641
List the prime factors of 2261986571.
13, 439, 396353
List the prime factors of 1061433492.
2, 3, 7, 397, 4547
List the prime factors of 123059173.
131, 281, 3343
List the prime factors of 304343241.
3, 37, 773, 3547
What are the prime factors of 456391273?
13, 107, 328103
List the prime factors of 206301736.
2, 25787717
What are the prime factors of 271584625?
5, 13, 37, 4517
What are the prime factors of 331181357?
13, 653, 3001
What are the prime factors of 494013907?
223, 2215309
List the prime factors of 1433762203.
367, 3906709
What are the prime factors of 631445149?
491, 1286039
List the prime factors of 872638092.
2, 3, 3847, 6301
What are the prime factors of 1335645632?
2, 811, 25733
What are the prime factors of 14903072?
2, 465721
What are the prime factors of 714791741?
17, 6301, 6673
What are the prime factors of 95945989?
937, 102397
What are the prime factors of 335022259?
11, 13, 373, 571
List the prime factors of 6015660968.
2, 18691, 40231
What are the prime factors of 107170598?
2, 4483, 11953
List the prime factors of 65807336.
2, 7, 19, 127, 487
List the prime factors of 5730066366.
2, 3, 157, 691, 8803
What are the prime factors of 150595184?
2, 1607, 5857
List the prime factors of 3254326737.
3, 577, 1880027
List the prime factors of 7913523.
3, 37, 71293
What are the prime factors of 172993110?
2, 3, 5, 421, 13697
List the prime factors of 294946834.
2, 7, 13, 31, 61, 857
List the prime factors of 145004072.
2, 1531, 11839
What are the prime factors of 178192542?
2, 3, 11, 2699887
What are the prime factors of 834878308?
2, 11, 18974507
List the prime factors of 613855394.
2, 73, 4204489
List the prime factors of 14141273.
701, 20173
What are the prime factors of 312035227?
7, 23, 79, 24533
List the prime factors of 5356234525.
5, 101, 127, 16703
List the prime factors of 33424414.
2, 17, 29, 109, 311
What are the prime factors of 70499581?
487, 144763
List the prime factors of 1634395766.
2, 47, 79, 127, 1733
What are the prime factors of 3974108318?
2, 1987054159
List the prime factors of 21488719.
7, 3069817
List the prime factors of 730113697.
61, 131, 91367
List the prime factors of 13942567.
17, 227, 3613
List the prime factors of 12885209.
181, 257, 277
List the prime factors of 1324635930.
2, 3, 5, 1635353
What are the prime factors of 91344664?
2, 29, 393727
List the prime factors of 546561750.
2, 3, 5, 7, 104107
What are the prime factors of 97922220?
2, 3, 5, 11, 148367
List the prime factors of 1308733869.
3, 1087, 401329
List the prime factors of 93414563.
11, 31, 273943
What are the prime factors of 4809750373?
67, 71, 163, 6203
What are the prime factors of 3588654605?
5, 37, 19398133
What are the prime factors of 367649883?
3, 157, 260191
List the prime factors of 178013070.
2, 3, 5, 79, 25037
List the prime factors of 18801289.
13, 79, 18307
What are the prime factors of 29925526?
2, 37, 404399
What are the prime factors of 76653355?
5, 15330671
List the prime factors of 544795260.
2, 3, 5, 17, 534113
List the prime factors of 199251535.
5, 7, 5692901
What are the prime factors of 2946287361?
3, 982095787
List the prime factors of 1265134010.
2, 5, 7, 18073343
List the prime factors of 600439479.
3, 89, 2248837
List the prime factors of 549281223.
3, 41, 127, 3907
What are the prime factors of 557090750?
2, 5, 101, 22063
List the prime factors of 445693298.
2, 19, 1297, 9043
What are the prime factors of 37309984?
2, 1165937
List the prime factors of 3518612562.
2, 3, 586435427
What are the prime factors of 5154958504?
2, 31, 53, 173, 2267
List the prime factors of 117061921.
31, 457, 8263
What are the prime factors of 37010173?
17, 2177069
What are the prime factors of 304696055?
5, 31, 1965781
List the prime factors of 795349735.
5, 1741, 91367
List the prime factors of 151423711.
19, 701, 11369
List the prime factors of 10012917.
3, 29, 71, 1621
List the prime factors of 3510566974.
2, 67, 179, 146359
What are the prime factors of 108725126?
2, 54362563
List the prime factors of 244863575.
5, 11, 31, 28723
List the prime factors of 372583898.
2, 251, 742199
What are the prime factors of 58402950?
2, 3, 5, 83, 4691
List the prime factors of 33721390.
2, 5, 19, 177481
List the prime factors of 419076882.
2, 3, 7, 19, 23, 43, 59
List the prime factors of 11274926.
2, 13, 433651
What are the prime factors of 14752058?
2, 7376029
What are the prime factors of 699065624?
2, 31, 971, 2903
What are the prime factors of 801880797?
3, 157, 1702507
List the prime factors of 225136309.
29, 1499, 5179
What are the prime factors of 14463115?
5, 37, 78179
What are the prime factors of 120706167?
3, 1973, 20393
What are the prime factors of 1455018174?
2, 3, 26944781
List the prime factors of 4806483237.
3, 71, 2467, 3049
What are the prime factors of 729670429?
729670429
List the prime factors of 144138271.
239, 683, 883
What are the prime factors of 124933682?
2, 29, 37, 58217
List the prime factors of 272098669.
947, 287327
What are the prime factors of 1364332514?
2, 682166257
What are the prime factors of 627966333?
3, 69774037
What are the prime factors of 172434534?
2, 3, 28739089
What are the prime factors of 73133945?
5, 19, 389, 1979
List the prime factors of 48739302.
2, 3, 2707739
List the prime factors of 17117557.
17117557
What are the prime factors of 266945949?
3, 366181
What are the prime factors of 3062905082?
2, 41, 37352501
What are the prime factors of 69263299?
7, 257, 38501
List the prime factors of 2296304648.
2, 11, 17, 1534963
List the prime factors of 365193028.
2, 83, 773, 1423
What are the prime factors of 26796285?
3, 5, 198491
List the prime factors of 2077425398.
2, 17, 211, 289577
What are the prime factors of 5749018?
2, 11, 29, 9011
What are the prime factors of 784672268?
2, 41, 281, 17027
List the prime factors of 16830015.
3, 5, 1122001
List the prime factors of 14293255.
5, 2858651
What are the prime factors of 127983020?
2, 5, 11, 197, 2953
What are the prime factors of 30624110?
2, 5, 11, 199, 1399
List the prime factors of 579329478.
2, 3, 7, 13, 353681
What are the prime factors of 5425666?
2, 733, 3701
List the prime factors of 1669237318.
2, 7, 137, 870301
What are the prime factors of 1364786881?
1364786881
What are the prime factors of 287499906?
2, 3, 19, 840643
List the prime factors of 1160562793.
13, 89274061
What are the prime factors of 82473016?
2, 2677, 3851
What are the prime factors of 891091085?
5, 197, 904661
List the prime factors of 248056034.
2, 331, 367, 1021
List the prime factors of 29340676.
2, 113, 139, 467
What are the prime factors of 87240941?
87240941
List the prime factors of 2023774780.
2, 5, 101188739
List the prime factors of 3266423757.
3, 362935973
List the prime factors of 22097681.
29, 619, 1231
List the prime factors of 3173291839.
3173291839
List the prime factors of 2367144863.
2367144863
What are the prime factors of 1692590737?
17, 19, 389, 709
List the prime factors of 55233210.
2, 3, 5, 1841107
List the prime factors of 176227888.
2, 19, 661, 877
List the prime factors of 120634397.
13, 17, 199, 211
What are the prime factors of 423468557?
5381, 78697
What are the prime factors of 118972516?
2, 13, 227, 10079
What are the prime factors of 122623199?
67, 127, 14411
List the prime factors of 4333630703.
4333630703
List the prime factors of 285473032.
2, 13, 2744933
List the prime factors of 132136114.
2, 11, 546017
What are the prime factors of 295253507?
23, 379, 